mposite number?
False
Let l = -3365 - -11784. Is l a prime number?
True
Suppose 3*a - 6 = -4*z, 3*a - 4*z = -2*z + 6. Suppose 5574 + 304 = a*u. Is u a prime number?
True
Let a(v) = -11*v**3 - v**2 - 2*v - 3. Suppose 171 = 9*n - 0*n. Let x = -21 + n. Is a(x) prime?
False
Let w = 6457 + -2287. Let i = w + -1454. Suppose 5450 = 4*f - 3*r, f + f + 3*r - i = 0. Is f composite?
False
Suppose -233739 - 58973 = -8*u. Is u a prime number?
False
Suppose 14*s = 15*s - 3*q - 413512, 3*s + 3*q - 1240572 = 0. Is s composite?
False
Let t = 54 - 50. Let q(s) = -101*s - 69. Let x(d) = -101*d - 69. Let c(h) = t*q(h) - 5*x(h). Is c(8) a prime number?
True
Suppose 0 = -2171*a + 2303*a - 77762388. Is a a prime number?
True
Let w(y) = -y**2 - 24*y + 34. Let x be w(-25). Suppose -7 = -3*u - p, 0*u + 4*u + 5*p + x = 0. Let j(l) = 3*l**3 - 5*l**2 + 1. Is j(u) composite?
False
Suppose -12*s + 36*s + 5159993 = 41*s. Is s prime?
True
Let a(k) = 23*k**2 - 6*k - 15. Suppose -v - 16 = -27. Let f be a(v). Is f/4 - (-25)/(-10) composite?
False
Let q(h) = -2*h**2 - h + 4*h + 0*h**2 - h + 5. Let b be q(0). Suppose -b*x - 15 = 0, -2*f + x = -7509 + 364. Is f composite?
False
Suppose n - 19058 = 2*n. Is (n/(-4))/(-8 - 238/(-28)) prime?
False
Let g(y) = 5450*y**2 - 89 - 73*y - 10903*y**2 + 5452*y**2. Is g(-20) a composite number?
False
Let l be (14/(-3))/(-5*(-6)/(-45)). Suppose 4*f - l*f = -6, n + 5*f = 11. Is n*(-3)/(-12) + (-13926)/(-8) a composite number?
False
Let k = 64 + -2. Let p = 63 - k. Is (p - 3)/(24/(-1524)) composite?
False
Let p(w) = 2*w**2 + 6*w + 8. Suppose 0*m + 9 = -4*q - m, -5*q - 4*m - 14 = 0. Let i be p(q). Suppose 9*u - 2736 = 5*u + 5*r, 4*u = -i*r + 2772. Is u prime?
False
Is 54761310/25*750/700 + 4/(-14) a prime number?
True
Suppose 2*k - 18069 = 5*s + 19234, 3*k + 5*s = 55992. Is k prime?
False
Let o(h) = 86*h**2 - 5*h + 34. Let s(q) = 29*q**2 - 2*q + 11. Let x(j) = 3*o(j) - 8*s(j). Let u(b) be the first derivative of x(b). Is u(1) prime?
True
Let h = -6218 + 7419. Is h composite?
False
Let l(w) = 4415*w + 546. Is l(7) composite?
True
Let n be (85/(-34))/((-2)/4). Suppose 4*k = -5*k + n*k. Suppose u + l - 4035 = k, 0*u - 4*l = 2*u - 8062. Is u a composite number?
True
Suppose 14*y - 46410 = 251692. Suppose -2*x = -2*w - x + 21283, -3*x - y = -2*w. Is w a prime number?
True
Suppose -10*o + 20 = -6*o. Suppose -2*s + 3*v = -190, -o*s = -v - 0*v - 449. Let l = s - -8. Is l a composite number?
False
Suppose 897 - 484 = z. Let t = z + 1592. Is t composite?
True
Suppose 2*h + 2*p - 10390 = 22684, 0 = h - 4*p - 16547. Let i(z) = 12*z**2 - z - 1. Let x be i(-1). Is h/x + (-12)/(-16) a composite number?
True
Let c(m) = -m + 13. Let y be c(9). Suppose -4*o = -2*k - y, 0*o - 5*o - 5*k + 35 = 0. Is 1342/6 - 2/o a composite number?
False
Suppose 588*u - 582*u = 70446. Is u a prime number?
False
Let q be ((-17632)/(-7) - -4)/((-6)/(-21)). Is 7/42*q*3 a composite number?
True
Suppose 0 = -2*g - 0*g - 2*w + 8, -4*w + 10 = 2*g. Suppose -3*o - g*l = -15588, -8*l - 10399 = -2*o - 3*l. Is o composite?
False
Let l(r) = -2862*r**2 - r. Let d(h) = 2862*h**2 + h. Let g(c) = 7*d(c) + 6*l(c). Is g(1) composite?
True
Let i be (-2)/(4*((-891)/222 - -4)). Suppose -22917 = -i*m + 34*m. Is m composite?
False
Let q = -112293 + 229856. Is q composite?
False
Suppose 6*a + 3974 = 8*a. Let v = a + -546. Is v a prime number?
False
Let x = -4 + 11. Suppose 9*a - 4*a + 2*f - 70 = 0, -5*f = -a - 13. Suppose x*w = a*w - 2365. Is w a composite number?
True
Let p = -3896 + 7440. Suppose -4*x + 8*x + 2*a - 3550 = 0, -4*x + 4*a = -p. Is x prime?
True
Let f(x) = 3060*x**2 + 40*x + 17. Is f(-6) a prime number?
True
Is (8/(-32))/(((-1)/(-5))/((-186740)/25)) prime?
True
Suppose -3*n = 12*d - 16*d - 24, 3*n - 2*d = 18. Is ((-64)/72)/n + 3208/18 prime?
False
Let x(q) = 10065*q**2 - 75*q - 127. Is x(6) a composite number?
False
Suppose -6*a - 955 + 247 = 0. Let m = -114 - a. Suppose -5*r - m*p = -1333, 0 = -3*p + 6. Is r a prime number?
False
Suppose 0 = 4*i - 8 - 112. Let a be 108/i*(-10)/3. Let y(m) = 7*m**2 + 19*m - 13. Is y(a) a prime number?
False
Let m(a) = -24*a - 7. Suppose 324 + 116 = 5*z. Let q = 71 - z. Is m(q) prime?
True
Let x = -15 - -20. Suppose -d + x = -0*d. Suppose 3*m = -3*i + 29 + 400, 0 = -2*m + d*i + 286. Is m a composite number?
True
Let t be (-2)/(-3 - -17) + (-6)/(-42). Suppose r + 4 = 7. Suppose t = -5*g - 2*u + 126, -4*u + 67 + r = 3*g. Is g composite?
True
Is (-1372)/(-490)*(-1)/(-2)*244735 prime?
False
Is (189967997/(-149))/((0 + 3)/(-3)) prime?
False
Let y(k) = 2452*k**2 + 94*k - 73. Is y(-13) composite?
False
Suppose -m = r + 3668, -r = 4*m - 0*r + 14684. Is (m - 10)/(4/(-2)) composite?
True
Let v(f) = f + 29. Let m be v(-27). Suppose -p = -h + 10038, 0 = -h - 0*h - m*p + 10023. Is h prime?
False
Let w = -24432 - -17142. Is w/(-8) - (-2)/(-8) composite?
False
Let t = -905719 + 1282446. Is t a prime number?
False
Suppose -53*f - 269206 = -151*f. Is f a composite number?
True
Suppose 263*r - 242*r = 2017911. Is r prime?
False
Let p = 214 + -214. Suppose -39362 = -2*s - 2*j - 2*j, 5*s + 2*j - 98437 = p. Is s prime?
False
Suppose 5*c - 2*z = 1 + 107, -2*c - 4*z + 24 = 0. Is c/(-250) - (-8952)/25 composite?
True
Suppose 5*t + 96*t = 2981879 + 1434750. Is t a composite number?
True
Let o(v) = -v - 1. Let d(w) = -96*w**3 - 7*w**2 - 9. Let z(i) = -d(i) + 6*o(i). Is z(2) composite?
False
Let u(b) = -6*b**2 + 133*b + 14. Let z be u(25). Let g be 2 + -1 + -632 + -1. Let n = z - g. Is n prime?
False
Let n = 66 - 62. Suppose n*p = 4*h + 32596, 0 = -5*p - 2*h + 33121 + 7610. Is p a prime number?
True
Let u be (1 + 1 + -2)/(-1 - 0). Suppose 0*w + w - 28 = 5*s, -4*s + 16 = u. Is (w/(-20) - -2)/(6/(-20715)) a composite number?
False
Suppose 5 = 4*d - 3. Suppose d*a - 14 + 6 = 0. Suppose f = 2*f - 3*w - 343, a*f = -w + 1346. Is f a prime number?
True
Suppose n - 1052 - 2654 = 0. Let r be -4*(0 + -1) - n. Let y = -2591 - r. Is y a prime number?
False
Let j be 6 + -1 + (-3 + -16 - 1). Let z(g) be the second derivative of -g**5/20 - 10*g**3/3 - 17*g**2 - 6*g. Is z(j) composite?
True
Let p be (-1)/(-5) + -3*(-295)/75. Let q be p/24*(-1 + 765) - -2. Suppose 3761 = 5*h + 2*a, -3*h + 4*a - q + 2651 = 0. Is h prime?
False
Let v(d) = 29*d + 23. Let g be v(4). Let x = 141 - g. Is 1574/(2 + x + -2) prime?
True
Suppose 11*q + 239 - 283 = 0. Suppose 0 = -2*h + 5*w + 50041, -8*h + 100064 = -q*h - 4*w. Is h composite?
False
Let x(h) = -37*h**2 - 5*h - 24. Let y be x(-10). Let u = y - -7845. Is u prime?
False
Let q(t) = 19298*t + 233. Is q(7) prime?
True
Let i(y) = -y**2 - 5*y + 9. Let o be i(-6). Let k(u) = -u + 1. Let d(f) = -f**2 + 24*f + 8. Let h(w) = o*k(w) + d(w). Is h(21) a composite number?
False
Let i = -984 + 989. Let p = 3 + -3. Suppose z + 2*q = 33, -i*z + q + q + 177 = p. Is z prime?
False
Is (-10 - (80/(-45) + -8)) + (-14107421)/(-9) a prime number?
False
Let m(g) = -28*g**3 - g**2 + 1. Let x be m(-1). Suppose -3*c + 4*o = -x, -4*c = -2*o - 3 - 21. Suppose 5*v = n + 1455, n + c*n + 291 = v. Is v composite?
True
Suppose -330*s + 43*s + 30901577 = 0. Is s composite?
False
Let j = 448 - 801. Is 3/3*-13*j a prime number?
False
Let o be (-4458)/2 + 3 + (-8 - -1). Let s = o + -903. Let c = -1874 - s. Is c a composite number?
True
Is (((-51)/(-34))/(6/973164))/3 composite?
False
Let h = 3825 - 853. Let u = 5329 - h. Is u a prime number?
True
Let n(c) be the first derivative of -c**4/2 - 32*c**3/3 - 19*c**2/2 - 29*c + 32. Is n(-26) prime?
False
Let k be (1 - (-6)/(-4))*0/(-3). Suppose 8*t = 4*t - 3*o + 1096, 2*t - o - 558 = k. Suppose -5*l + t + 1978 = 0. Is l composite?
True
Suppose 0 = -3631*k + 3630*k + 3*y + 1644653, -8 = y. Is k composite?
True
Is ((-24)/(-28))/(-3) - (-11861475)/35 composite?
True
Suppose -8*i = -5*i - 144. Let m be (i/(-20))/((-6)/(-225)). Let q = m - -97. Is q a prime number?
True
Suppose 174*b = 175*b, 0 = -2*t - b + 845938. Is t a prime number?
True
Suppose z = -z + 4*o + 152, -4*o + 244 = 4*z. Suppose 0 = z*b - 68*b + 7294. Is b a composite number?
True
Let d = 78501 - 37774. Is d prime?
False
Let r = 7 + 3. Suppose -6*w + w = r. Is (-452)/(w - 2) + -4 a composite number?
False
Let l = -177 + 961. Suppose -2*z = -5*t - 1589, t = -z - 0*t + l. Is z composite?
False
Let n b